Let u be (13/39)/((-1)/(-201)). Let i = u - 67. Give q(i).
-2
Let z(y) = y**2 + 24*y + 62. Let p be z(-3). Suppose 4*h - 14 = 26. Let c be 0 + p + 2/4*h. Let i(q) = -q - 2. What is i(c)?
-6
Let h(l) = 661*l + 1983. Let p be h(-3). Let v(m) be the third derivative of -5/3*m**3 + 0*m - 1/24*m**4 + 2*m**2 + 0. Give v(p).
-10
Let z(s) = -4*s**2 - 4*s + 74. Let u(n) = -3*n**2 - 3*n + 76. Let q(b) = -3*u(b) + 2*z(b). Let k be q(-9). Let w(l) = -2*l + 1. What is w(k)?
17
Let w(n) = n**2 - 7*n + 8. Suppose -8*u + 6*u = u. Suppose u = -5*b + 4*b + 27. Suppose -3*g = -3*y - b, -3*g = -5*y - 22 - 9. Calculate w(g).
8
Suppose -4*p + 3 + 5 = 0. Let w(a) = 0*a**3 - a - 4*a**2 + p + 0*a - a**3. Suppose 2*g + 5*c + 11 = 4*c, 17 = -5*g + c. Give w(g).
6
Let m be -4*(9 - 481/52)*-4. Let l(o) = 7*o + 21. Calculate l(m).
-7
Suppose 0 = -2*o - 4*i - 2, 4*o - 4*i = -5*i + 3. Let p(w) be the first derivative of 1/2*w**2 - 94 - 2/3*w**3 + 0*w. What is p(o)?
-1
Let o(g) = -11*g**2 + 41*g + 18. Let r(h) = -2*h**2 + 6*h + 3. Let l(w) = o(w) - 6*r(w). What is l(-7)?
14
Let t(n) = n**3 - 3*n**2 - 1604*n + 42 - 2*n**2 + 1592*n. Let i be t(6). Let v(k) = -6*k + 7. What is v(i)?
-29
Let a(n) = n**2 - 4*n + 6. Let h be a(2). Let s(o) = -3 - h + 126*o - 133*o. What is s(-4)?
23
Let y(l) = 6776 - l - 2250 + 7*l - 2241 - 2246. Determine y(-5).
9
Let c(i) = -i**2 - 5. Let a = 64 + -49. Suppose 5*r - 5*t = 2*r - 25, -5*r + 3*t = a. Suppose -5*w - 15 = 5*y, r = -y + w + 1 + 2. What is c(y)?
-5
Let k be (1 + -3)/((-4)/(-218)). Let j = 82 + 22. Let y = k + j. Let b(w) = w**3 + 4*w**2 - 5*w - 2. Determine b(y).
-2
Suppose u - 4*t + 9 - 8 = 0, 8 = -u - 3*t. Let i be (-51)/68*1*-20. Let q(l) = 12 - i - l - 2*l - l**2. Determine q(u).
-13
Let h(g) = -5*g**3 - 16*g**2 + 24*g + 4. Let x(i) = 2*i**3 + 2*i**2 - 8*i. Let q(z) = h(z) + 3*x(z). Determine q(10).
4
Let t(l) = -l**3 - 63*l**2 - 63*l - 64. Let s be 62/(-3)*(-84 - -87). Give t(s).
-2
Let o(s) = 2*s**2 + 6 + s**3 + 6*s + 0 - 9*s**2. Suppose 131*l - 1345 = 126*l. Let b = -263 + l. Determine o(b).
6
Let g(q) = -3*q - 10. Let d be ((-2)/3)/((-46)/(-5382)). Let v = d + 71. Determine g(v).
11
Let l(p) be the second derivative of -p**3/3 - 5*p**2 - p. Suppose 762*f + 749*f + 297 = 1478*f. Calculate l(f).
8
Suppose -2*p + 5*w = 33, 2*p - 4*w + 14 = -14. Let i(b) = 6*b**2 + 4*b - 9. Let n(s) = -s**2 + 1. Let o(d) = i(d) + 5*n(d). Calculate o(p).
-4
Let l be (119/(-21) + 6)*0. Suppose l = -22*n + 6*n + 224. Let d(k) = -k**2 + 13*k + 11. Determine d(n).
-3
Let v(c) = c**3 + 2*c**2 - 7*c + 15. Let o(a) = -a**3 - a**2 + 5*a - 15. Let d(f) = -3*o(f) - 2*v(f). Determine d(0).
15
Let y(r) = r**2 + 39*r - 88. Let k(i) = -2*i**2 - 77*i + 176. Let x(s) = 2*k(s) + 5*y(s). Let l(u) be the first derivative of x(u). Determine l(-18).
5
Suppose 2*k = 4*k + 2*o + 6, 5*k + 3*o + 5 = 0. Let x(u) = -u**3 - 6984 - 4*u**k + 6982 - u + u**2. Determine x(-3).
1
Let c = 12022 + -12018. Let l(z) = 3*z**2 - 23*z + 35. Let q(b) = b**2 - 8*b + 12. Let h(i) = -3*l(i) + 8*q(i). Give h(c).
-5
Let n(b) = -9 - 40*b**2 + 71*b**2 - 2*b - 30*b**2. What is n(9)?
54
Let a(s) = 19*s - 1. Let n be ((-105)/21)/((-20)/12). What is a(n)?
56
Let w(i) = -i**3 + 16*i**2 - 103. Let t(o) = o**2 - 26. Let x(n) = -4*t(n) + w(n). Suppose 0 = 2*a - a - 12. Calculate x(a).
1
Let a(z) = -16*z - 15. Let x(j) = 7*j + 7. Suppose -p = y + 7, -18 - 17 = 5*p + 3*y. Let c(m) = p*x(m) - 3*a(m). Calculate c(3).
-7
Let k(n) = -5*n**2 - 1. Let d(w) = 3*w + 1. Let v be d(2). Let p = 8 - v. Determine k(p).
-6
Let t(z) be the second derivative of -z**5/20 - 29*z**4/12 + 5*z**3 - 23*z**2/2 - 3*z + 3099. Calculate t(-30).
-23
Suppose 0 = 2*g - 8 + 16. Let p(i) = 8*i**2 + 6. Let f(t) = 9*t**2 - t + 6. Let h(j) = -6*f(j) + 7*p(j). What is h(g)?
14
Let s be (-2 + (-4)/(-8))*(200/30 + -14). Let j(w) = w**3 - 10*w**2 - 9*w - 11. What is j(s)?
11
Let y(x) = 2*x - 6. Suppose -131 + 125 = -2*a. Give y(a).
0
Let s(i) = -255*i + 513. Let v be s(2). Let l(d) be the third derivative of -15*d**2 + 0*d + 0 + 1/2*d**v + 5/24*d**4. Give l(-4).
-17
Let j(t) = 12*t - 144. Let m = -18988 - -19001. Calculate j(m).
12
Let l(w) be the second derivative of w**5/20 - 2*w**4/3 - 5*w**3/6 + 5*w**2 + 1168*w. What is l(8)?
-30
Let n(b) = -b**3 + 6*b**2 - 2*b + 9. Suppose -7*q + 4*q + 24 = 0. Let p = -42 + 108. Suppose q*s = -3*s + p. Determine n(s).
-3
Let x be -3*(-77)/44*36/27. Let a(d) = -d**2 + 17*d - 76. Determine a(x).
-6
Let d be 682/(-33) + 5*(-8)/120. Let m(w) = -w**3 - 22*w**2 - 23*w + 4. Calculate m(d).
46
Let q(b) be the first derivative of -19*b**3/3 - b**2/2 - 2400. Let t = 0 - 1. Give q(t).
-18
Let w(o) = -o - 35. Let g(r) = r**2 - 18*r - 887. Let n be g(40). Calculate w(n).
-28
Let f be 10*(-6)/(-450) + 116/30. Let s(o) = o**3 - 4*o**2 + o + 2. Give s(f).
6
Let u(k) = k**2 - 5*k - 64. Let z be u(11). Let q(o) = -5*o**2 + o**3 + o**2 + 38 + 2*o + 3*o**z - 39. Determine q(2).
7
Let i = -88 + 93. Let r(s) = 6*s - 9*s - 13*s**2 - 5 + 5*s**2 + s**3 + i*s**2. What is r(4)?
-1
Let k(q) = -q**2 - 6*q + 11. Suppose -5*g + 195 = -0*g. Let t = -842 + 848. Suppose t*m = -g - 9. What is k(m)?
-5
Let q(h) = -6*h. Let d(p) = -5*p + 1. Let y(a) = 4*d(a) - 3*q(a). Let i(s) = -s**3 + 17*s**2 - s + 21. Suppose g + 4*g - 85 = 0. Let c be i(g). Calculate y(c).
-4
Let a(s) = 3*s**3 + 2*s**2 + 4*s + 5. Let v(b) = -64*b + 510. Let g be v(8). What is a(g)?
-19
Let q(p) = 2*p**2 - 5*p - 2. Suppose -3*w - 2*f = -0*w - 270, 2*w + 3*f - 180 = 0. Suppose 13*i + 25 = w. Give q(i).
23
Let k(g) = 31*g**2 + 68*g + 47. Let b(w) = 11*w**2 + 23*w + 16. Let m(t) = 11*b(t) - 4*k(t). Let d be m(-5). Let n(p) = -p**3 + 8*p**2 + p - 5. Determine n(d).
3
Let k(a) = 48*a + 179. Let z be 15/(-35)*868/93. Calculate k(z).
-13
Let z(u) = u**2 - 8*u + 17. Let s be z(6). Suppose s*f + 8 = -22. Let n(c) = -2*c**2 - 9*c. Calculate n(f).
-18
Suppose 13*n = 12*n + 3. Suppose -20 = 3*m - 0*l + 5*l, 2*l + 8 = -n*m. Suppose m = -10*h + 13*h - 27. Let k(w) = w**3 - 8*w**2 - 10*w + 3. What is k(h)?
-6
Let f(i) = 2*i**3 - 45*i**2 + 38*i + 6. Let s(r) = 4*r**3 - 96*r**2 + 75*r + 11. Let x(t) = -7*f(t) + 4*s(t). Give x(34).
2
Suppose 0 = -s - 20 - 0. Let p be ((-80)/50)/((-2)/s). Let x = p + 20. Let g(r) = -r**3 + 6*r**2 - 5*r - 4. Give g(x).
8
Let i(v) = 66*v**2 + 533*v - 74*v**2 - 577*v - 12. Give i(-5).
8
Suppose 0 = 4*k + 5*g + 17 - 44, 0 = 3*k - 3*g + 27. Let o(c) = -c**3 - 4*c**2 - 13*c - 5. Determine o(k).
13
Let w(k) = 2*k**2 + 4*k - 1. Suppose -4*m - 105 = -3*z, -5*m = 5*z - 10*z + 175. Suppose 7*p = -z - 0. Give w(p).
29
Let p(f) = 7*f**3 - 19*f**2 + f - 3. Let h(u) = -15*u**3 + 31*u**2 - 2*u + 5. Let v(m) = 3*h(m) + 5*p(m). Give v(-1).
9
Let b(r) be the second derivative of r**5/20 + r**4/2 - 5*r**3/6 + 3*r**2 + 2*r. Let n = 63 - 60. Suppose n*s + 5*x + 39 = -7, 2*s + x = -19. Calculate b(s).
-8
Let o(k) = k**3 + 96*k**2 + 92*k - 298. Let x be o(-95). Let h(b) = b**2 + 18*b + 4. Calculate h(x).
-61
Let i(w) = 322*w**3 + 28 - 323*w**3 - 3*w**2 - 3*w - 25. Let u = 17 + -17. Let q be (-4 - u/5) + 1. Calculate i(q).
12
Suppose 0 = -33*q + 29*q + 15*q - 55. Let v(c) = 5*c - 13. What is v(q)?
12
Let p(n) = -19*n - 34. Let o(q) = 20*q + 2. Let i(r) = o(r) + p(r). Calculate i(-5).
-37
Let j(s) = 2*s**2 - 1818*s + 1817*s - 3*s**2 - 4. Let y(i) = i - 2. Let l be y(-6). Let r = 8 + l. Give j(r).
-4
Let o(b) be the first derivative of -1/2*b**2 + 0*b + 5/3*b**3 + 6. Calculate o(1).
4
Let b(y) = -7*y**2 - 49*y - 7. Let k(s) = 4*s**2 + 29*s + 3. Let d(n) = 3*b(n) + 5*k(n). Suppose -5*v = a + 25, v - 6*v - 2*a = 30. Determine d(v).
-14
Let j = -3430 + 3458. Let d(y) = 4*y - 96. Give d(j).
16
Let f(j) = 420*j**3 - 1265*j**3 - 17*j**2 + 416*j**3 + 428*j**3 + 265 + 16*j. What is f(-17)?
-7
Let c be (80/24 + -4)/((-2)/12). Let t(h) be the third derivative of -1/15*h**5 + 12*h**2 + 1/120*h**6 - 7/24*h**c + 0*h + 0 + h**3. What is t(5)?
-4
Suppose -13*d + 76 = 6*d. Let s(x) = 17*x - 11. Let c(w) = 9*w - 6. Let z(v) = -7*c(v) + 4*s(v). What is z(d)?
18
Let v(l) = -16*l**2 + 151*l - 39 - 164*l + 0*l**3 + l**2 + l**3. Let n be v(16). Let a be (3*(-10)/n)/(2/6). Let x(d) = 2*d + 12. Calculate x(a).
-8
Suppose 5*j + 10 = 0, -6 = -86*d + 83*d - 3*j. Let a(q) = 3*q**2 + q - 2*q - d*q**2 + 12 + 